{"id":2442,"date":"2014-08-31T08:29:16","date_gmt":"2014-08-31T07:29:16","guid":{"rendered":"http:\/\/www.teeweg.de\/blog\/?page_id=2442"},"modified":"2021-04-18T18:56:44","modified_gmt":"2021-04-18T16:56:44","slug":"anschrift","status":"publish","type":"page","link":"https:\/\/www.teeweg.de\/blog\/anschrift\/","title":{"rendered":"Anschrift und Anfahrt"},"content":{"rendered":"<p><strong>My\u014dshinan Chad\u014dj\u014d<br \/>\nTee und Zen &#8211; Ein Geschmack<\/strong><\/p>\n<p><strong>Die neue Anschrift:<\/strong><br \/>\nMy\u014dshinan Chad\u014dj\u014d &#8211; Im alten Forsthaus<br \/>\nJ\u00e4gergasse 4<br \/>\n97705 Burkhardroth \/ Waldfenster<\/p>\n<p>mobil.: 0151 63387442\u202c<br \/>\nTel.:&nbsp;&nbsp;&nbsp;&nbsp;&nbsp; 09734 934 3420<\/p>\n<p>Mail: info(at)teeweg.de<\/p>\n<p>Das neue My\u014dshinan liegt in der Rh\u00f6n, mitten im B\u00e4dereck zwischen Bad Kissingen, Bad Br\u00fcckenau, Bad Bocklet und Bad Neustadt jeweils ca. 15 &#8211; 20 km entfernt..<br \/>\nBis Fulda sind es 50 km, bis W\u00fcrzburg 65 km und bis Schweinfurt 36 km.<\/p>\n<p>Unterricht in Zen &#8211; Shakuhachi jederzeit nach Absprache auch online<\/p>\n<p>Eine Zweigstelle wird im Sommer er\u00f6ffnet in R\u00f6thenbach \/ Pegnitz bei N\u00fcrnberg.<br \/>\nAnschrift:<br \/>\nSchnackenhof 3 in 90552 Roethenbach a. d. Pegnitz&nbsp;<\/p>\n<p>&nbsp;<\/p>\n<p>&nbsp;<\/p>\n<div class=\"thanks_button_div\" \n                  style=\"float: left; margin-left: 0px;\"><div id=\"thanksButtonDiv_2442_1\" style=\"background-image:url(http:\/\/www.teeweg.de\/blog\/wp-content\/plugins\/thanks-you-counter-button\/images\/thanks_large_blue.png); background-repeat:no-repeat; float: left; display: inline;\"\n                onmouseover=\"javascript:thankYouChangeButtonImage('thanksButtonDiv_2442_1', true);\" \n                onmouseout=\"javascript:thankYouChangeButtonImage('thanksButtonDiv_2442_1', false);\"\n                onclick=\"javascript:thankYouChangeButtonImage('thanksButtonDiv_2442_1', false);\" >\n                <input type=\"button\" onclick=\"thankYouButtonClick(2442, 'You left &ldquo;Thanks&rdquo; already for this post')\" value=\"Danke 0\"\n                  class=\"thanks_button thanks_large thanks_blue\"\n                  style=\"  font-family: Verdana, Arial, Sans-Serif; font-size: 14px; font-weight: normal;; color:#39b778;\"\n                  id=\"thanksButton_2442_1\" title=\"Click to leave &ldquo;Thanks&rdquo; for this post\"\/>\n             <\/div><div id=\"ajax_loader_2442_1\" style=\"display:inline;visibility: hidden;\"><img decoding=\"async\" alt=\"ajax loader\" src=\"http:\/\/www.teeweg.de\/blog\/wp-content\/plugins\/thanks-you-counter-button\/images\/ajax-loader.gif\" \/><\/div><\/div><div id=\"wp_fb_like_button\" style=\"margin:5px 5px 5px 0;float:left;height:100px;\"><script src=\"http:\/\/connect.facebook.net\/en_US\/all.js#xfbml=1\"><\/script><fb:like href=\"https:\/\/www.teeweg.de\/blog\/anschrift\/\" send=\"false\" layout=\"standard\" width=\"450\" show_faces=\"false\" font=\"arial\" action=\"like\" colorscheme=\"light\"><\/fb:like><\/div>","protected":false},"excerpt":{"rendered":"<p>My\u014dshinan Chad\u014dj\u014d Tee und Zen &#8211; Ein Geschmack Die neue Anschrift: My\u014dshinan Chad\u014dj\u014d &#8211; Im alten Forsthaus J\u00e4gergasse 4 97705 Burkhardroth \/ Waldfenster mobil.: 0151 63387442\u202c Tel.:&nbsp;&nbsp;&nbsp;&nbsp;&nbsp; 09734 934 3420 Mail: info(at)teeweg.de Das neue My\u014dshinan liegt in der Rh\u00f6n, mitten &hellip; <a href=\"https:\/\/www.teeweg.de\/blog\/anschrift\/\">Weiterlesen <span class=\"meta-nav\">&rarr;<\/span><\/a><\/p>\n","protected":false},"author":278,"featured_media":0,"parent":0,"menu_order":0,"comment_status":"open","ping_status":"open","template":"","meta":{"_bbp_topic_count":0,"_bbp_reply_count":0,"_bbp_total_topic_count":0,"_bbp_total_reply_count":0,"_bbp_voice_count":0,"_bbp_anonymous_reply_count":0,"_bbp_topic_count_hidden":0,"_bbp_reply_count_hidden":0,"_bbp_forum_subforum_count":0,"ngg_post_thumbnail":0,"footnotes":""},"class_list":["post-2442","page","type-page","status-publish","hentry"],"aioseo_notices":[],"_links":{"self":[{"href":"https:\/\/www.teeweg.de\/blog\/wp-json\/wp\/v2\/pages\/2442","targetHints":{"allow":["GET"]}}],"collection":[{"href":"https:\/\/www.teeweg.de\/blog\/wp-json\/wp\/v2\/pages"}],"about":[{"href":"https:\/\/www.teeweg.de\/blog\/wp-json\/wp\/v2\/types\/page"}],"author":[{"embeddable":true,"href":"https:\/\/www.teeweg.de\/blog\/wp-json\/wp\/v2\/users\/278"}],"replies":[{"embeddable":true,"href":"https:\/\/www.teeweg.de\/blog\/wp-json\/wp\/v2\/comments?post=2442"}],"version-history":[{"count":5,"href":"https:\/\/www.teeweg.de\/blog\/wp-json\/wp\/v2\/pages\/2442\/revisions"}],"predecessor-version":[{"id":12239,"href":"https:\/\/www.teeweg.de\/blog\/wp-json\/wp\/v2\/pages\/2442\/revisions\/12239"}],"wp:attachment":[{"href":"https:\/\/www.teeweg.de\/blog\/wp-json\/wp\/v2\/media?parent=2442"}],"curies":[{"name":"wp","href":"https:\/\/api.w.org\/{rel}","templated":true}]}}